e 4*b = -4*i + 6436, 70 = i - 3*b - 1559. What are the prime factors of i?
2, 3, 269
Let r(t) = 13*t + 0*t**3 - t**3 - 3*t**2 - 9 - 10*t**2 + 2*t**3. Let l be r(12). Suppose 30 = n + l*s, 2*n = -3*s - s + 50. What are the prime factors of n?
3, 5
Suppose 5*p - 6 = 2*p. Suppose -5*h + p = -8. Suppose -h*k = 3*k - 145. What are the prime factors of k?
29
Let f(g) be the first derivative of -135*g**2/2 + g - 3. List the prime factors of f(-1).
2, 17
List the prime factors of (735/3)/(-7 + 228/32).
2, 5, 7
Let o(s) = s**3 + 8*s**2 + 4*s - 14. Let i be o(-7). Let b be (-2)/2*(4 + -11). Let k = i + b. List the prime factors of k.
2, 7
Suppose 0 = -a - 2*k + 674, -1395 - 1321 = -4*a - 4*k. List the prime factors of a.
2, 3, 19
Let q = -2623 - -3739. List the prime factors of q.
2, 3, 31
Let i(j) = -j**2 - 44*j + 127. List the prime factors of i(-30).
547
Let j = -3257 - -8990. List the prime factors of j.
3, 7, 13
Suppose -24*d + 6 = -22*d. Suppose -2*l = d*l - 160. What are the prime factors of l?
2
Let d = 2439 - 631. List the prime factors of d.
2, 113
Let g(f) = 4*f - 8. Let q(d) = -d**2 + 1. Let o be q(-1). Suppose 3*h + h - 16 = o. What are the prime factors of g(h)?
2
Suppose -7*d - 2*d = 9324. Let t be d/(-20) + (-1)/(-5). Let j = -18 + t. List the prime factors of j.
2, 17
What are the prime factors of 7 + (1065/10)/(27/576)?
43, 53
Let k = 1 + 1. Suppose -g = k*g - 48. Let b(y) = y - 6. What are the prime factors of b(g)?
2, 5
Suppose 8*i - 5*i = -24. Let j = 13 + i. Suppose j*u - 16 - 94 = 0. List the prime factors of u.
2, 11
Suppose -5*p - 423 - 26 = -f, p = -3*f + 1379. List the prime factors of f.
3, 17
Let y(a) = -13*a - 20. What are the prime factors of y(-22)?
2, 7, 19
Let v = -26 - -30. Suppose -118 - 14 = -v*k. What are the prime factors of k?
3, 11
Suppose -i = -734 + 99. What are the prime factors of i?
5, 127
Let r(m) = 7*m**2 + 20*m + 113. What are the prime factors of r(-12)?
881
List the prime factors of ((-48)/(-10) - 4) + 274960/50.
2, 5, 11
Suppose 2*c - 7 = 23. Suppose c*f - 12*f = 6. Suppose -4*d - 94 = -5*n, -f*n + 0*d - 3*d + 33 = 0. What are the prime factors of n?
2, 3
Suppose -1 = -0*k + k, 0 = 5*s - 3*k - 8. Let z(a) = 5*a + 4*a - 4*a + 3*a. List the prime factors of z(s).
2
Let r = -1105 - -1767. What are the prime factors of r?
2, 331
Suppose -3*m - 25 - 47 = 0. Let x be (m/(-1 + -2))/2. Suppose -p = -3*h + 99, -4*h + x*p = -2*h - 56. What are the prime factors of h?
2, 17
Let q = 647 - 294. List the prime factors of q.
353
Let y be 1*4/(-4) - -4. Suppose y*c - 118 = -5*x, -3*x - 2*c = 25 - 95. What are the prime factors of x?
2, 13
List the prime factors of ((-30745)/(-22))/(-43)*(-1248)/10.
2, 3, 13
Suppose -4*f - 104 = -2*m, 215 = 2*m + 3*m - f. Suppose t - m - 127 = 0. What are the prime factors of t?
13
Suppose -3*c - 4*r = -296, -c = 2*r + 3*r - 106. What are the prime factors of c?
2, 3
Suppose 56*k + 14056 = 70*k. What are the prime factors of k?
2, 251
Suppose 3*k = -3*c + 5*c - 214, 0 = -5*c - 2*k + 535. List the prime factors of c.
107
List the prime factors of 368/(138/(-36) - -4).
2, 3, 23
Suppose -172 = -4*a - 3*h, 3*h - h = -a + 43. What are the prime factors of a?
43
Suppose 0 = j + 2*j. Suppose -q - 3*q + 28 = j. List the prime factors of q.
7
Let i(w) = -w + 23. Let x be i(16). Suppose -858 = -x*b + b. List the prime factors of b.
11, 13
Let d = 6080 - 888. What are the prime factors of d?
2, 11, 59
Let s = -2 - 2. Let w be ((-30)/(-9))/(s/24). What are the prime factors of 45/6*(-72)/w?
3
Let o be 0 - 2/1 - 10. Let c = -92 + o. Let z = -38 - c. List the prime factors of z.
2, 3, 11
Suppose 4*n - 5*a + 525 = 0, 7*a - 395 = 3*n + 3*a. List the prime factors of 0 + (1 - (n - 0)).
2, 3, 7
Let d = 17 + -7. Suppose 11 = -3*v - d. What are the prime factors of v/(-2)*(-68)/(-7)?
2, 17
Let i(g) be the second derivative of 7*g**3/2 - g**2/2 - 5*g. Let m be i(5). Suppose 0 = 5*d - m + 44. List the prime factors of d.
2, 3
Suppose -4*b - 103 = 129. Let a = 102 + b. What are the prime factors of a?
2, 11
Let u = -710 - -1700. List the prime factors of u.
2, 3, 5, 11
Suppose 5*k = -25, -4*r - 279 - 346 = -3*k. Let a = r - -358. List the prime factors of a.
2, 3, 11
Let q(r) = -r**2 + 3*r - 1. Let d be q(1). Let c(w) = -119*w. Let j be c(d). Let x = j - -175. What are the prime factors of x?
2, 7
Let k be 71/6 - (-5)/30. Suppose 4 = -4*v - 3*h, h + k = 4*v - 0*h. Suppose -3*u = -2*t - 0*t + 79, -3*t - v*u + 151 = 0. What are the prime factors of t?
47
Let d(m) = -10 + 5 + 81 + m. What are the prime factors of d(0)?
2, 19
Let l(m) = 7*m**3 - 40*m**2 - 52*m - 43. Let s(n) = 3*n**3 - 20*n**2 - 26*n - 22. Let h(f) = -4*l(f) + 9*s(f). List the prime factors of h(-19).
107
Let l = 512 - 88. List the prime factors of l.
2, 53
Let j(z) = -51*z**2 + z. Let b(y) = 4*y**2. Let t(f) = -44*b(f) - 4*j(f). List the prime factors of t(3).
2, 3, 5
Suppose -4*j - 186 = -5*o, 0 = -7*j + 2*j - 2*o - 249. Let m = -126 + 198. Let v = j + m. List the prime factors of v.
23
Let k = -10 - -12. Let x(s) = 44 + s + 2*s - k*s - 13. What are the prime factors of x(0)?
31
Suppose 10*z + 882 = 21722. List the prime factors of z.
2, 521
Let l(n) = -n**3 + 11*n**2 - 20*n + 1. Let k be l(8). Suppose 5*g + 2*j - k = 0, -2*j - 2 = 2*g - 14. List the prime factors of g.
7
Let q(j) = -j**3 + 22*j**2 + 4. Let z be q(22). Suppose -5*a - 15 = -m, -5*a + 10 = -z*m + 8*m. Suppose 6*x - 32 = m*x. List the prime factors of x.
2
List the prime factors of -6 + (3 - (-9252)/9).
5, 41
Let p(s) = s**3 + 11*s**2 + 17*s - 23. What are the prime factors of p(14)?
3, 5, 11, 31
Let l be 3/(((-81)/(-366))/9). Suppose 2*u + l = 4*u. What are the prime factors of u?
61
List the prime factors of ((-5)/(-15))/(2 + (-27956)/13980).
5, 233
Let o be ((12 + -4)/4)/(-2). Let j be (-76)/o - (-1 + 5). Suppose 2*w + w - j = 3*u, w = -u + 24. What are the prime factors of w?
2, 3
Let z(f) = 577*f - 23. What are the prime factors of z(2)?
3, 13, 29
Let v(l) = -l**2 + 17*l - 10. Suppose 3*q - 13 - 20 = 0. What are the prime factors of v(q)?
2, 7
What are the prime factors of (6548/16 + -6)/(3/12)?
1613
Suppose -7*h + 6*h - 1 = 0. Let v be 1/h + (-6)/(-2). Suppose -g - 3*g = -3*j - 5, 2*g - 2 = v*j. What are the prime factors of g?
2
Suppose -4*h - 4 = 0, -3*f = -6*f + 2*h + 2. List the prime factors of (-8)/(3/(-30) + f).
2, 5
Let o = -675 - -982. Suppose 4*t + 83 = i + 1, o = 4*i + 5*t. List the prime factors of i.
2, 3, 13
Suppose 0 = -2*j - 3*r, -2*j + j - 4*r = 5. Suppose j*x - 4 = x. Suppose 7 = -x*v + 3*v. List the prime factors of v.
7
Let l(z) = -z**3 + 5*z + 9. Let o(c) = c**2 + 4. Let w be o(4). Suppose -2*n - 3*n = w. What are the prime factors of l(n)?
53
Let u = -41 + 115. Suppose t + u = 5*t + 2*l, -5*l = -5*t + 130. What are the prime factors of (-4)/6 + 1001/t?
47
Let b(o) = -o**3 + 3*o**2 - 18*o - 69. What are the prime factors of b(-7)?
547
Let b(m) = 2*m**2 + 5*m + 6. Suppose 0 = -3*d - 5*a + 10, 3*d = -2*d - a - 20. Let n be b(d). Suppose n = l + 7. List the prime factors of l.
2, 3
Suppose 0 = 2*s - 2 - 10. Suppose 3*h - 6 = -0*h. Let x = s - h. List the prime factors of x.
2
Let v(m) = -m**2 + 9*m - 10. Let q be v(6). Let s = -6 + q. Suppose -p + 6 = s. What are the prime factors of p?
2
What are the prime factors of ((-14)/(-392)*21)/(6/496)?
2, 31
Let j(h) = -81*h + 91. List the prime factors of j(-7).
2, 7, 47
Let r = 485 + -218. Suppose 0 = 5*f - 4*l - r, -2*f + 28 = 3*l - 65. Suppose 0 = -2*s + 27 + f. What are the prime factors of s?
3, 13
Let i(j) = -60*j**2 - 72*j + 116. Let b(q) = 11*q**2 + 13*q - 21. Let h(k) = 28*b(k) + 5*i(k). Let z be h(-6). What are the prime factors of z/10 - 2/(-5)?
2, 13
Suppose q + q = 4, -4 = 4*l - 2*q. Let h(p) = 2*p + 195. Let i be h(l). Suppose 0 = 3*n + 2*r - i, -4*n - 8*r + 3*r + 267 = 0. What are the prime factors of n?
3, 7
Let c = 8 + -4. Let t = 553 + -550. Suppose -t*y - k = -152, 0*k + c = -k. What are the prime factors of y?
2, 13
Let u = -1466 + 3695. What are the prime factors of u?
3, 743
Let z(k) = -k**2 - k - 70. Let n be z(10). Let b = n - -305. What are the prime factors of b?
5
Let z = -98 - -106. Suppose -z*h + 784 = -1048. What are the prime factors of h?
229
Suppose 5*o + 35 = -5*h, 29 = -0*h